4*o + 4. Let l be j(2). Let a be (l/(-1))/(4/(5 - 7)). Is (a/5)/((-10)/1975) a prime number?
False
Suppose -2*n = 4 - 14. Suppose n*t + 48 + 1 = 2*l, t - 4*l = 1. Let w(d) = -28*d - 17. Is w(t) a composite number?
True
Let m(n) = 487*n - 254*n + 42 + 490*n - 166. Is m(5) a prime number?
True
Let f(p) = -p. Let g be f(-4). Let u be (-16692)/(-8) - g/16*6. Let c = 2992 - u. Is c a composite number?
False
Suppose 40*z = 39*z + 67*z - 10519542. Is z prime?
False
Let d = -260865 - -469874. Is d a composite number?
True
Let i be 30/(-5) - (-10)/1. Let k(h) = -2*h**2 + 10*h**3 + 4*h + 5 + 0 - 4*h. Is k(i) a composite number?
False
Let t(h) be the second derivative of -h**5/10 + 4*h**3/3 + 11*h**2 - 19*h. Let r be t(-4). Let u = -49 + r. Is u a prime number?
False
Let r be (-5)/10*(21/(-3) - 1). Let y be (r/(-14))/(24/(-168)). Suppose -2*p = -p + 4*i - 887, -y*i - 4347 = -5*p. Is p composite?
True
Let d = 6746 - -3011. Is d a prime number?
False
Suppose -27*i = -39*i + 60. Suppose -3*f + 2*q + 917 = 2*f, 0 = i*f - q - 921. Is f a composite number?
True
Suppose -44 = -u - 45. Let o(l) = -4415*l - 22. Is o(u) composite?
True
Suppose 5*l + g + 15 = -2*g, l = -5*g - 25. Suppose l = -4*w + 9*w - 5045. Suppose 4*v = -t + 1991, -2*v - 4*t + w = t. Is v a composite number?
True
Suppose -1938*r = -1936*r + 15164. Is (1 - 0)/(r/(-758) - 10) prime?
True
Suppose -4*x - 36258 = -l + 75887, 3*x - 448466 = -4*l. Is l prime?
True
Let o(w) = 54*w**3 + w**2 - w - 1. Let n be o(2). Suppose 6*c = 382 + 5654. Suppose -n = -r + c. Is r prime?
True
Suppose 0 = y - 7 - 1. Suppose 2*l - y = 2. Let p(w) = 21*w + 13. Is p(l) a prime number?
False
Let z = 81311 - -38950. Is z a composite number?
True
Let q(j) = -2*j**2 - j. Let z(v) = 1258*v**2 - 11*v + 7. Let k(o) = -6*q(o) + z(o). Is k(2) a prime number?
True
Let g = 5248 + 27799. Is g prime?
False
Let f(g) = 40*g**3 - 2*g**2 + 10. Let l be f(-3). Let v = l + 1951. Is v a prime number?
True
Is (((-568521672)/(-32))/(-53))/((-9)/12 - 0) composite?
False
Suppose j + 0 - 3 = 0, 66 = 5*i + 2*j. Is (-15)/i + 1 + (-777)/(-4) a composite number?
True
Is (-3)/(-6)*(109 + 179289) prime?
False
Let u(v) be the first derivative of -9*v**4/4 + 4*v**3/3 + v**2 - 9*v + 2. Let i = -3027 + 3023. Is u(i) prime?
False
Let u(x) = 394*x - 1333. Is u(33) prime?
False
Let y(g) = 3 + 159*g + 82*g - 6 - 5. Let z be y(8). Suppose -9*n = -22917 + z. Is n prime?
True
Is 3 - (-8)/(-10)*7439100/(-120) prime?
True
Suppose 2*f - 2*m - 16963 = 16825, -16889 = -f + 2*m. Let l = f + -10126. Is l composite?
True
Let w(z) = -128*z - 11. Let y be w(-3). Suppose 0 = 3*k - 12, -y = -2*c - k + 1205. Is c a composite number?
False
Let n = 196 - 174. Suppose -n*v + 25*v = 5541. Is v a composite number?
False
Is (-6212360)/(-50) - ((-4)/14)/((-120)/84) prime?
True
Let q(d) = 10*d**2 - 7*d - 93. Let s(h) = -4*h + 121. Let j be s(32). Is q(j) a composite number?
True
Let o be (-9)/(4 + 3 + -10). Suppose -c + 2687 = o*x - 2*c, 0 = -4*c + 16. Suppose -x - 473 = -5*p. Is p a prime number?
False
Suppose 65822 = 5*a - 4*s - 43545, 4*s - 109343 = -5*a. Is a a composite number?
False
Let q = 5342 + 5969. Is q prime?
True
Is (-2 - (-181799)/6) + 34/204 composite?
True
Suppose 0 = -3*t - 2*j + j - 16, -4*t = -2*j + 8. Let v be t/8 - 89538/(-4). Is (v/(-64))/((-1)/4) prime?
True
Let z = -351529 - -793998. Is z a prime number?
True
Let b = 8475 + -4633. Suppose b = 3*a + r, -a + 2*r + 1278 = 3*r. Is a prime?
False
Let g be 0*((-5)/(-10) - 3/2). Suppose g = -5*d - 5671 + 19491. Suppose 0 = 10*b - 1026 - d. Is b composite?
False
Let a be 416/(-12)*2289/(-2). Suppose -5*y - a = -18*y. Suppose 2*h = 4170 + y. Is h composite?
True
Suppose 4*s = 14*s - 30. Let i(y) = 149*y. Is i(s) prime?
False
Is 5804/2 + (-18 - (-17 + -1)) prime?
False
Suppose -5*m = -5*q + 20, 5*m + 7 + 6 = 4*q. Suppose 0 = -5*p + q + 3. Is 3 - (-213 - 2/p) a composite number?
True
Suppose 2*a + 2 = 0, 4*h = -5*a + 9 + 10. Is h/45 - (-742077)/135 composite?
True
Let i be (1 + -4 - 2)*(-12)/20. Suppose 6*b - 2*b - i*h - 9 = 0, -3*b + 38 = 4*h. Let t(m) = -m**3 + 6*m**2 + 9*m - 19. Is t(b) prime?
False
Let l(u) = 14*u**2 - 5*u + 3*u**2 - 29 + 16 + 4*u. Let n(y) = 17*y**2 - 14. Let i(c) = 4*l(c) - 3*n(c). Is i(-7) composite?
True
Let r = -3808808 + 5697771. Is r composite?
False
Let a(h) = 17 - 19*h**2 + 53*h**2 + 16*h - 18*h**2. Is a(-6) composite?
True
Suppose 2*r - 12 = -4*f, 0*r + 5*f - 4 = 3*r. Is (r*1)/(41930/(-8390) - -5) prime?
True
Let l = 91 + -138. Let j(b) = b**3 - 6*b**2 - 11*b + 16. Let n be j(8). Let c = n - l. Is c composite?
False
Let k(d) = 42*d**2 - 9*d + 22. Let j be k(6). Suppose -5*h + 0*h = 4*s - j, -2*h + 8 = 0. Let m = -88 + s. Is m a composite number?
False
Suppose -4*d = 5*m - 28 + 2, 6 = -5*m + 4*d. Suppose -3*z + 3*h - 829 = -5*z, -m*z + h + 809 = 0. Is z prime?
False
Suppose -31104 = -4*u + 4*p, -u + 201*p + 7791 = 203*p. Is u composite?
True
Let w be 6 - (6/(-3))/(-1). Suppose -w*m = -32 + 36. Is m - -134*(1 + 0) a composite number?
True
Suppose 0 = 4*m + 12, 0 = -4*x + 7*x + m - 384636. Is x composite?
False
Let h = 800 - -368. Let w(y) = -2*y**3 + 5*y**2 + 2*y + 4. Let k be w(4). Is 60/k*(1 - h) a prime number?
False
Suppose 4*a = -4*a + 104. Let c(r) = 14*r**2 + 14*r + 31. Is c(a) prime?
True
Let l = 2311 - 926. Is (l + -2)*((-25)/(-15) - 0) composite?
True
Let p be 5 + 1 - (0 - -2). Suppose -p*y + 950 = 2*h, -489 = -h - 0*y + 5*y. Is h composite?
False
Let u = -1112 + 1627. Suppose -4*s = u - 122223. Is s a prime number?
True
Suppose 3*b = 11*b. Suppose -g - 123 = -2*v, b*v - 5*g = -5*v + 320. Let x = v - -1028. Is x prime?
True
Suppose -42*p + 231500860 = -15*p + 121*p. Is p a composite number?
True
Let b be ((-28)/(-5))/(16/320). Suppose r - b = 32. Suppose t - 2*t + z + r = 0, 4*z + 20 = 0. Is t composite?
False
Let l be -3 + (-10)/5*-4. Suppose -z - j + 0*j = -2124, 4*j + 10665 = l*z. Is z a composite number?
False
Let v(n) = 59754*n**2 + 464*n - 927. Is v(2) prime?
True
Suppose -2*f + 0*f = 3*o - 17461, -f - 11629 = -2*o. Let h = -2683 + o. Is h a prime number?
False
Let s(c) = -4816*c + 2097. Is s(-19) a prime number?
True
Suppose 2*g - 246 = 172. Let t = 15 + -13. Is (5 + g)*1*2/t prime?
False
Let b be (-4)/20 + 3552/10. Let i = 30 - b. Let x = 714 + i. Is x composite?
False
Let v be 211 + -1 - (-2 - -2). Let x be ((-1)/(-1))/(151/47112). Suppose x = 9*u - v. Is u a prime number?
False
Let d be 14 - 12/(-8)*-2. Let l be 0 + (d - 6/2). Is (1041/(-12))/((-2)/l) prime?
True
Suppose 420*z - 415*z + 4*n = 1861147, -5*z = 3*n - 1861139. Is z prime?
True
Let m = 59 - 53. Let y(f) = 14*f**2 + 3*f + 4. Let z be y(m). Suppose -3*w - z = -5*w. Is w a prime number?
True
Suppose 5*f = -2*k + 16449 + 17564, 34018 = 5*f - 3*k. Is f composite?
False
Suppose -5*s = 35, -7*f = -6205*s + 6210*s - 4747148. Is f composite?
False
Let g(u) = 24*u**2 - 46*u + 87. Is g(52) a composite number?
False
Let t = 72698 + 80694. Suppose 41*d = 25*d + t. Is d prime?
True
Let v(f) = 1093*f**2 + 4*f + 9. Let h(u) = -1093*u**2 - 3*u - 7. Let m(k) = -3*h(k) - 2*v(k). Is m(-2) prime?
True
Let m(a) = -3*a**2 - 2 - 2*a**2 + 4*a**2 + 3*a**2 - a. Let w be m(-2). Let j(i) = 101*i - 27. Is j(w) a prime number?
False
Let m(n) = -7232*n - 49. Is m(-3) a composite number?
False
Let s = 2961376 + -1763805. Is s prime?
True
Suppose 2065 = u - 287. Let f = 4761 + u. Is f composite?
True
Let a(f) = -f**3 - f**2 + 8*f + 9. Let h be a(-4). Is 1009/((40/h)/8) a composite number?
True
Suppose 0 = -7*g - 1136 - 754. Let a = g + 803. Is a composite?
True
Is 54/(-63)*7 + 1/((-2)/(-82030)) a composite number?
True
Let g = 432306 + -297419. Is g a composite number?
False
Let a = 388162 + 375099. Is a a composite number?
False
Let q(u) = -26*u - 7. Suppose -i + 10 = -x, -x - 19 = x - 3*i. Let a be q(x). Suppose -b + 206 + a = 0. Is b a composite number?
True
Let w be (-3*(-60)/63)/(1/7). Suppose w = -b + 26. Let a(j) = 3*j**3 - 16*j**2 + 14*j + 5. Is a(b) composite?
True
Let q(s) = 2 - 5 + 0 + 3*s**2 - 3. Let l be q(9). Suppose f = 166 + l. Is f a prime number?
False
Suppose -3*g + 1090 = -134. Let j be (452/8)/(-2*(-3)/g). Suppose -23017 - j = -3*s. Is s a composite number?
True
Suppose 37*h = 60*h + 9315. Is 10*(-9)/h - 33865/(-9) com